 composite?
True
Is 28153 composite?
True
Is 3195446 composite?
True
Is 34019 a prime number?
True
Is 20861 a composite number?
True
Is 382669 composite?
True
Is 128143 a prime number?
False
Is 678751 composite?
True
Is 90469 a prime number?
True
Is 28537 a composite number?
False
Is 2903 a composite number?
False
Is 4834 a composite number?
True
Is 2836597 a composite number?
False
Is 2439391 composite?
True
Is 174323 a composite number?
True
Is 37691 composite?
False
Is 1162321 composite?
False
Is 8263 prime?
True
Is 65479 composite?
False
Is 29663 prime?
True
Is 7621 prime?
True
Is 177347 composite?
False
Is 7621 composite?
False
Is 66227 prime?
False
Is 41333 composite?
False
Is 204047 a prime number?
True
Is 436913 prime?
True
Is 78307 prime?
True
Is 2805827 a prime number?
True
Is 89603 a prime number?
True
Is 36229 prime?
True
Is 7043 a prime number?
True
Is 401083 prime?
False
Is 21211 a composite number?
False
Is 24143 prime?
False
Is 223 prime?
True
Is 42793 prime?
True
Is 269245 prime?
False
Is 231577 a composite number?
True
Is 660851 prime?
True
Is 48907 a composite number?
False
Is 3512623 composite?
False
Is 9917 prime?
False
Is 134641 a composite number?
True
Is 378569 prime?
True
Is 32497 prime?
True
Is 43289 prime?
False
Is 23783 a prime number?
False
Is 41719 a prime number?
True
Is 127579 composite?
False
Is 3511 a composite number?
False
Is 26371 a prime number?
True
Is 499309 prime?
True
Is 466579 composite?
False
Is 30538 a prime number?
False
Is 869417 prime?
False
Is 378247 composite?
True
Is 1584302 a composite number?
True
Is 993931 a prime number?
False
Is 2267 composite?
False
Is 41794 a prime number?
False
Is 601451 prime?
True
Is 298 prime?
False
Is 93706 prime?
False
Is 81602 composite?
True
Is 69761 a prime number?
True
Is 19571 composite?
False
Is 86519 a prime number?
False
Is 24407 prime?
True
Is 42663 prime?
False
Is 23269 a composite number?
False
Is 126659 composite?
True
Is 4635047 composite?
False
Is 917 a composite number?
True
Is 307 a composite number?
False
Is 2923 prime?
False
Is 177109 prime?
True
Is 263 a prime number?
True
Is 3659 a prime number?
True
Is 38299 composite?
False
Is 249771 a prime number?
False
Is 2447 a composite number?
False
Is 2453 prime?
False
Is 1842131 a prime number?
True
Is 516017 a prime number?
True
Is 53699 a prime number?
True
Is 68437 a prime number?
True
Is 4327 composite?
False
Is 19191 a prime number?
False
Is 81509 prime?
True
Is 34739 a prime number?
True
Is 6353 a composite number?
False
Is 160997 prime?
True
Is 5623 a prime number?
True
Is 20993 a prime number?
False
Is 17339 composite?
True
Is 272687 a prime number?
False
Is 118957 prime?
False
Is 69395 prime?
False
Is 392879 a composite number?
False
Is 338053 composite?
True
Is 102062 a prime number?
False
Is 99019 composite?
True
Is 37127 composite?
True
Is 2420029 a composite number?
True
Is 11771 a prime number?
False
Is 4109 composite?
True
Is 4749 prime?
False
Is 5611 composite?
True
Is 16771 a composite number?
True
Is 1673 a composite number?
True
Is 10661 composite?
True
Is 30399 a composite number?
True
Is 91537 a composite number?
True
Is 16621 composite?
True
Is 49339 prime?
True
Is 106517 prime?
False
Is 4703 prime?
True
Is 47851 prime?
False
Is 28093 a prime number?
False
Is 3491 a prime number?
True
Is 25735 composite?
True
Is 755246 prime?
False
Is 19937 composite?
False
Is 478561 a composite number?
True
Is 88981 composite?
True
Is 20143 a composite number?
False
Is 40231 composite?
False
Is 5891 a composite number?
True
Is 4201 composite?
False
Is 906307 a composite number?
True
Is 114269 composite?
False
Is 45317 prime?
True
Is 236143 composite?
False
Is 15835 a composite number?
True
Is 3359 a prime number?
True
Is 144539 a prime number?
True
Is 1076153 a composite number?
True
Is 18059 composite?
False
Is 773207 a prime number?
True
Is 1139 prime?
False
Is 877067 a composite number?
True
Is 1967 a prime number?
False
Is 9767 composite?
False
Is 23105 a composite number?
True
Is 346613 prime?
False
Is 1004923 composite?
True
Is 74557 a composite number?
True
Is 12889 a composite number?
False
Is 1383113 prime?
True
Is 434561 a prime number?
True
Is 105671 a composite number?
True
Is 42307 a composite number?
False
Is 6209119 a prime number?
False
Is 10643 a prime number?
False
Is 2386 a composite number?
True
Is 51871 a composite number?
False
Is 793795 a prime number?
False
Is 401101 a prime number?
True
Is 26821 composite?
False
Is 66667 a composite number?
True
Is 38245 a composite number?
True
Is 951 a prime number?
False
Is 52051 prime?
True
Is 36037 a composite number?
False
Is 10841 prime?
False
Is 115243 composite?
True
Is 1465 a composite number?
True
Is 6483 composite?
True
Is 738649 prime?
False
Is 203 a prime number?
False
Is 154465 a prime number?
False
Is 9289 a prime number?
False
Is 74821 composite?
False
Is 3016607 a prime number?
False
Is 36789 a prime number?
False
Is 29399 prime?
True
Is 43487 prime?
True
Is 1164029 prime?
True
Is 10541 prime?
False
Is 275497 composite?
True
Is 71569 composite?
False
Is 8499 a prime number?
False
Is 475573 a composite number?
True
Is 208429 composite?
True
Is 20993 a composite number?
True
Is 35387 a composite number?
True
Is 83843 a composite number?
False
Is 109297 composite?
False
Is 97 a prime number?
True
Is 205899 a prime number?
False
Is 429131 prime?
False
Is 337 composite?
False
Is 85357 a prime number?
False
Is 139057 composite?
True
Is 64499 prime?
True
Is 16838 a prime number?
False
Is 841 a composite number?
True
Is 7433 a prime number?
True
Is 25981 prime?
True
Is 70715 a prime number?
False
Is 222697 a composite number?
True
Is 23239 prime?
False
Is 816493 composite?
True
Is 247829 a composite number?
False
Is 46021 composite?
False
Is 381167 prime?
True
Is 6041 a composite number?
True
Is 11197 a prime number?
True
Is 1993 a composite number?
False
Is 374201 a composite number?
True
Is 19973 composite?
False
Is 20689 prime?
False
Is 129697 a composite number?
True
Is 3715463 a prime number?
False
Is 107519 a composite number?
True
Is 483491 prime?
True
Is 1282 a prime number?
False
Is 23981 prime?
True
Is 331739 a composite number?
False
Is 12451 a prime number?
True
Is 11887 composite?
False
Is 47063 prime?
False
Is 107437 composite?
True
Is 13894 prime?
False
Is 5815 composite?
True
Is 93697 a composite number?
True
Is 9938 a prime number?
False
Is 36997 a composite number?
False
Is 59507 a composite number?
True
Is 4155247 prime?
True
Is 2459 a prime number?
True
Is 30467 composite?
False
Is 744647 composite?
True
Is 249563 a composite number?
False
Is 18893 prime?
False
Is 54751 a composite number?
False
Is 15835 prime?
False
Is 3383 a prime number?
False
Is 1162849 a prime number?
False
Is 13367 a composite number?
False
Is 8941 composite?
False
Is 5297 a prime number?
True
Is 8513 a prime number?
True
Is 991 a composite number?
False
Is 247 prime?
False
Is 35521 a composite number?
False
Is 42043 a composite number?
False
Is 1243997 prime?
True
Is 195967 prime?
True
Is 1259 a composite number?
False
Is 12661 prime?
False
Is 153653 composite?
True
Is 34819 a prime number?
True
Is 383753 a prime number?
True
Is 139798 a prime number?
False
Is 68707 prime?
False
Is 74818 composite?
True
Is 26131 a composite number?
True
Is 552463 a composite number?
True
Is 979831 a prime number?
True
Is 263843 prime?
True
Is 42153 a prime number?
False
Is 1242061 a composite number?
False
Is 164479 composite?
True
Is 713549 a composite number?
True
Is 154487 a composite number?
False
Is 178681 composite?
False
Is 319087 a composite number?
True
Is 339707 a prime number?
True
Is 375395 a prime number?
False
Is 264881 composite?
False
Is 44653 prime?
False
Is 1139 composite?
True
Is 250637 a composite number?
True
Is 10487 a prime number?
True
Is 33739 a prime number?
True
Is 333071 a composite number?
False
Is 919 a prime number?
True
Is 22733 prime?
False
Is 4135 prime?
False
Is 352609 a composite number?
True
Is 1721 a prime number?
True
Is 11806 a prime number?
False
Is 52867 a prime number?
False
Is 528469 a prime number?
True
Is 113402 a composite number?
True
Is 1039 a prime number?
True
Is 83 prime?
True
Is 99697 composite